{"id":219,"date":"2025-10-06T11:56:57","date_gmt":"2025-10-06T10:56:57","guid":{"rendered":"https:\/\/esportsmesse.dk\/?page_id=219"},"modified":"2025-10-06T11:56:57","modified_gmt":"2025-10-06T10:56:57","slug":"minecraft","status":"publish","type":"page","link":"https:\/\/esportsmesse.dk\/?page_id=219","title":{"rendered":"Minecraft"},"content":{"rendered":"\n[et_pb_section fb_built=&#8221;1&#8243; theme_builder_area=&#8221;post_content&#8221; _builder_version=&#8221;4.27.4&#8243; _module_preset=&#8221;default&#8221;][et_pb_row _builder_version=&#8221;4.27.4&#8243; _module_preset=&#8221;default&#8221; theme_builder_area=&#8221;post_content&#8221;][et_pb_column _builder_version=&#8221;4.27.4&#8243; _module_preset=&#8221;default&#8221; type=&#8221;4_4&#8243; theme_builder_area=&#8221;post_content&#8221;][et_pb_text _builder_version=&#8221;4.27.4&#8243; _module_preset=&#8221;default&#8221; theme_builder_area=&#8221;post_content&#8221; hover_enabled=&#8221;0&#8243; sticky_enabled=&#8221;0&#8243;]<h1><strong>Minecraft turnering<\/strong><\/h1>[\/et_pb_text][et_pb_text _builder_version=&#8221;4.27.4&#8243; _module_preset=&#8221;default&#8221; theme_builder_area=&#8221;post_content&#8221; hover_enabled=&#8221;0&#8243; sticky_enabled=&#8221;0&#8243;]<h4><strong>Minecraft turneringsregler<\/strong><\/h4>\n<p><strong><\/strong><\/p>\n<p><strong>Der er tale om en byggekonkurrence.<br \/>Temaet er \u201cTBA\u201d.<br \/>Der spilles p\u00e5 messens udstyr.<br \/><\/strong><\/p>\n<p><strong>Bed\u00f8mmelse:<br \/>Vi bed\u00f8mmer bygningerne ud fra f\u00f8lgende punkter:<br \/>\u2022 Stil<br \/>\u2022 Detaljer<br \/>\u2022 Materialevalg (den r\u00f8de tr\u00e5d).<br \/>\u2022 St\u00f8rrelse.<br \/><\/strong><\/p>\n<p><strong>Man kan f\u00e5 op til 5 point i hver kategori<br \/>V\u00e6rker bed\u00f8mmes og vindere k\u00e5res umiddelbart efter hver runde.<br \/>Der er pr\u00e6mier til vinderen, som k\u00e5res af en dommerkomite p\u00e5 tre personer<br \/><\/strong><\/p>\n<p><strong>Tidsplan:<br \/>Op til 30 spillere kan deltage per turnering. (10 spillere per runde)<br \/>Hver runde varer 45 minutter. Hver spiller f\u00e5r 45 minutter til at bygge sit mesterv\u00e6rk. Dette skal ske<br \/>indenfor den givne platform.<br \/><\/strong><\/p>\n<p><strong>Turneringerne foreg\u00e5r kl. 10:30 \u2013 12.45 og 13:45 \u2013 16:45<br \/>Du beh\u00f8ver ikke at stille dig i k\u00f8, men kan tilmelde dig \u00e9n af turneringens runder.<br \/><\/strong><\/p>\n<p><strong>M\u00f8detid i Minecrafthulen et kvarter f\u00f8r start dvs. 10.15 og 13.30.<\/strong><\/p>\n<p><strong><\/strong><\/p>\n<p><strong><\/strong><\/p>\n<p>&nbsp;<\/p>[\/et_pb_text][\/et_pb_column][\/et_pb_row][\/et_pb_section]\n","protected":false},"excerpt":{"rendered":"<p>Minecraft turneringMinecraft turneringsregler Der er tale om en byggekonkurrence.Temaet er \u201cTBA\u201d.Der spilles p\u00e5 messens udstyr. Bed\u00f8mmelse:Vi bed\u00f8mmer bygningerne ud fra f\u00f8lgende punkter:\u2022 Stil\u2022 Detaljer\u2022 Materialevalg (den r\u00f8de tr\u00e5d).\u2022 St\u00f8rrelse. Man kan f\u00e5 op til 5 point i hver kategoriV\u00e6rker bed\u00f8mmes og vindere k\u00e5res umiddelbart efter hver runde.Der er pr\u00e6mier til vinderen, som k\u00e5res af en [&hellip;]<\/p>\n","protected":false},"author":2,"featured_media":0,"parent":0,"menu_order":0,"comment_status":"closed","ping_status":"closed","template":"","meta":{"_et_pb_use_builder":"on","_et_pb_old_content":"","_et_gb_content_width":"","_monsterinsights_skip_tracking":false,"_monsterinsights_sitenote_active":false,"_monsterinsights_sitenote_note":"","_monsterinsights_sitenote_category":0,"footnotes":""},"class_list":["post-219","page","type-page","status-publish","hentry"],"_links":{"self":[{"href":"https:\/\/esportsmesse.dk\/index.php?rest_route=\/wp\/v2\/pages\/219","targetHints":{"allow":["GET"]}}],"collection":[{"href":"https:\/\/esportsmesse.dk\/index.php?rest_route=\/wp\/v2\/pages"}],"about":[{"href":"https:\/\/esportsmesse.dk\/index.php?rest_route=\/wp\/v2\/types\/page"}],"author":[{"embeddable":true,"href":"https:\/\/esportsmesse.dk\/index.php?rest_route=\/wp\/v2\/users\/2"}],"replies":[{"embeddable":true,"href":"https:\/\/esportsmesse.dk\/index.php?rest_route=%2Fwp%2Fv2%2Fcomments&post=219"}],"version-history":[{"count":4,"href":"https:\/\/esportsmesse.dk\/index.php?rest_route=\/wp\/v2\/pages\/219\/revisions"}],"predecessor-version":[{"id":224,"href":"https:\/\/esportsmesse.dk\/index.php?rest_route=\/wp\/v2\/pages\/219\/revisions\/224"}],"wp:attachment":[{"href":"https:\/\/esportsmesse.dk\/index.php?rest_route=%2Fwp%2Fv2%2Fmedia&parent=219"}],"curies":[{"name":"wp","href":"https:\/\/api.w.org\/{rel}","templated":true}]}}